tor of 9 and k?
9
Suppose -1222 = -i - 12*f + 11*f, 0 = -2*f. Calculate the highest common factor of 52 and i.
26
Let q(u) = -u**3 - 2*u**2 - 2*u + 32. Let w be q(0). Let c(d) = d**2 + 3*d - 12. Let b be c(4). What is the greatest common divisor of w and b?
16
Let g(m) = -m**3 - 5*m**2 + m + 3. Let k be g(-5). Let p be 46/4 - k/4. Suppose -o - o = -p. Calculate the greatest common divisor of 24 and o.
6
Let y(t) = -24*t - 429. Let q be y(-24). Calculate the greatest common divisor of q and 245.
49
Let r = -356 + 564. What is the highest common divisor of r and 78?
26
Suppose 2495*i - 2498*i = -10650. Calculate the greatest common divisor of i and 142.
142
Suppose 0 = 4*o + 15 + 1, -5*o = 5*y - 505. Suppose 3*r = -4*r + y. What is the greatest common factor of 60 and r?
15
Let b(v) = v + 22. Let f = -16 - -6. Let d be b(f). Calculate the greatest common divisor of d and 36.
12
Suppose -m - m = -112. Suppose 4*h + 6*h = 70. Calculate the greatest common factor of m and h.
7
Let b(r) = r**3 - 6*r**2 + 6*r - 3. Let x be b(5). Suppose k = 4*a - 0*k - 25, 5*a + x*k = 15. Let g = -7 + 47. What is the greatest common divisor of g and a?
5
Let k be 0/(2*(-1)/2). Suppose -5*l + 295 + 195 = k. Let r(j) = 377*j + 1522. Let v be r(-4). Calculate the greatest common divisor of v and l.
14
Let y = 29 + -18. Let s be 1862/77 + (-2)/y. Let l = s + -10. Calculate the highest common factor of 42 and l.
14
Suppose 0 = 15*p - 11*p - 148. Suppose -4*z + p = -227. Calculate the greatest common factor of z and 22.
22
Suppose -231 = -5*r + 6*c - 3*c, c + 137 = 3*r. Let i be 4/(-8)*6 - -138. What is the highest common divisor of r and i?
45
Suppose 2 = 3*l - 4*l. Let z be (-7 - 0/l)*13. Let g be z/(-4) - 33/44. Calculate the greatest common divisor of 55 and g.
11
Let n be (-5 + 132/20)/(6/15). Let x be 3/(-4) - (-1)/n*683. Calculate the greatest common divisor of x and 68.
34
Let c be 42/28*8/(-3)*-20. What is the highest common factor of c and 170?
10
Let p(l) = l**3 + l**2 - 24*l - 14. Let t be p(8). Calculate the greatest common factor of 20 and t.
10
Let p be 804/(-469)*(0 + (-7)/2). What is the greatest common factor of p and 42?
6
Let r be (-16)/96 + 574/(-12). Let d be (-8)/(3*4/r). Calculate the highest common factor of d and 80.
16
Suppose 9*k - 2225 = -695. What is the greatest common factor of 34 and k?
34
Let d be (45/(-20))/(3/(-40)). Suppose 0 = 6*c - 5*c - 2*v, -v - 21 = -4*c. What is the highest common divisor of d and c?
6
Suppose 0*b - 7 = -b. Suppose -5 = -3*p + b. Suppose f - 2*c - 1 = 0, -2*c - p = -7*f + 3*f. What is the highest common factor of 5 and f?
1
Let d(i) = -i - 1. Let k(x) = 5*x + 9. Let p(j) = 6*d(j) + k(j). Let w be p(-3). What is the highest common divisor of 54 and w?
6
Let h(a) = 23*a + 1. Let q be h(0). Calculate the highest common divisor of q and 19.
1
Let s = 190 + -154. What is the greatest common divisor of s and 96?
12
Suppose -40 = -3*i - 5*i. Let s be (-6 + i - 2)*(-4 - -1). Let m be (8/3)/(1/27). What is the greatest common divisor of m and s?
9
Let f = -811 - -1486. What is the highest common factor of f and 75?
75
Let m(k) = -k**3 - 7*k**2 + 8. Let o be m(-7). Suppose -2*s = -3*s + o. What is the highest common divisor of 80 and s?
8
Suppose 10*w - 851 = -351. Calculate the highest common factor of 25 and w.
25
Let f = -2449 + 2639. What is the highest common factor of f and 80?
10
Let r(v) = 2*v**2 - v - 3. Let q be r(4). Let a be 54/10 - 10/25. What is the greatest common divisor of a and q?
5
Suppose 0*t - q = 2*t - 644, 0 = -q + 4. Calculate the highest common factor of 40 and t.
40
Let r = 105 + -47. Suppose 2*h - 93 = -3*h + 4*o, -5*o + r = 4*h. Calculate the highest common divisor of h and 187.
17
Let l(n) = n + 10. Let q be l(-3). Suppose -2*x - 4*a = -44, 4*x = -q*a + 4*a + 78. Calculate the highest common factor of 63 and x.
9
Suppose -4608 = -248*w + 224*w. What is the highest common factor of 32 and w?
32
Suppose 2*h = h - 4*y, -2*h - 5*y = -15. What is the highest common divisor of 52 and h?
4
Suppose 5*y + y - 846 = 0. Suppose -1 = u - y. What is the highest common divisor of u and 20?
20
Let m = 511 + -292. Let f be (-6)/(-15) + m/15. What is the greatest common factor of 3 and f?
3
Let x be 2*2 + 0/41. Let f be (-1)/(-2) + (-69)/(-2). Suppose 0 = -3*s - 5*v + 108, v + 73 = 3*s - f. What is the highest common factor of x and s?
4
Let s(m) = -2*m**3 - 23*m**2 + 2*m - 16. Let a be s(-12). What is the greatest common factor of 39 and a?
13
Let y(t) be the second derivative of 19*t**3/6 - t**2/2 - 4*t. Let h be y(-1). Let k = h + 29. Calculate the greatest common divisor of 54 and k.
9
Suppose 0 = 4*j - 6 - 14. Suppose -5*d = -0*b + 4*b - 25, -25 = -j*d - 3*b. Calculate the highest common factor of 55 and d.
5
Let d = 321 - 156. Calculate the highest common divisor of 6 and d.
3
Let x be (4 - 0) + (-8 - -4). Suppose x = -o - o + 4. Suppose -5*z = -w - 111, 2*w - 5*w = -o*z + 34. What is the greatest common factor of 69 and z?
23
Suppose -4*x + 186 + 206 = 4*d, 0 = 5*x. What is the highest common factor of d and 154?
14
Let t(n) = -14*n + 8. Let o be t(-6). Let y(s) = -11*s + 0 + s**3 + 6*s + 0 - 2 + 5*s**2. Let w be y(-5). Calculate the highest common factor of w and o.
23
Suppose 74*y = 79*y - 945. What is the highest common divisor of 21 and y?
21
Let t = -62 + 66. Suppose -2*x + t*x - 704 = 0. What is the greatest common factor of x and 44?
44
Let g = 9 - 0. Let j be (-9 - 1)*(-18)/4. Calculate the greatest common factor of g and j.
9
Let j(c) = 2*c - 8*c - 7*c**2 + c**3 - 3*c**2 + c**2. Let t be j(10). Let g = 17 + -9. What is the highest common divisor of g and t?
8
Let u be 294 - 6*1/2. Suppose -u = -7*r + 241. What is the highest common factor of r and 190?
38
Let r be (-15)/(240/(-1952)) - (-4)/2*-1. Let c be (-1)/4 + 122/8. What is the highest common divisor of r and c?
15
Let x(r) = 4*r - 34. Let k be x(10). Let o = -32 - -18. Let b = 38 + o. Calculate the highest common divisor of b and k.
6
Suppose 337 = 70*c - 13. What is the greatest common divisor of 545 and c?
5
Suppose -20 = -4*j - 0. Suppose -2*z + 0*z + 26 = n, 4*n = j*z + 78. What is the highest common divisor of 22 and n?
22
Suppose 3*x + 2 = -1, -5*s + 3628 = -3*x. What is the greatest common divisor of 25 and s?
25
Let a(y) = -71*y - 199. Let u be a(-4). What is the highest common factor of u and 1615?
85
Suppose 65*g - 51*g - 28 = 0. Calculate the greatest common divisor of g and 13.
1
Let x = 8 + -6. Let h be x*(21/6)/7. Let r = 21 - h. Calculate the greatest common divisor of 4 and r.
4
Suppose 0 = -7*b + 4*b + 3, -2*r + 5*b = -699. Calculate the greatest common divisor of 11 and r.
11
Suppose u - p + 9 - 103 = 0, -3*u + 284 = -2*p. Calculate the greatest common factor of 64 and u.
32
Let w be (-180)/(-24)*(-10)/(-3). Let o be (15/w)/((-2)/(-10)). Calculate the highest common divisor of o and 21.
3
Let d = 242 + -152. Suppose -4*u + d = 5*u. Let k be -1*4*55/(-2). Calculate the highest common divisor of u and k.
10
Let v(t) = 47*t - 3. Let d be v(3). Let s = -1840 + 1932. Calculate the greatest common factor of d and s.
46
Let p = -96 + 100. Suppose p*g - 33 = 2*g + 3*i, 25 = -5*i. What is the highest common divisor of 99 and g?
9
Let h = 58 + -65. Let l be (-12)/(-6) + h/((-14)/32). What is the highest common divisor of 54 and l?
18
Let x(u) = -2*u**2 + 22*u - 50. Let w be x(6). What is the highest common factor of 70 and w?
10
Suppose 2*c - 3*h + 434 = 3030, -4*h + 2596 = 2*c. Calculate the greatest common divisor of 22 and c.
22
Suppose 86*d - 73 = 13. Suppose -x = 2*z - 17, 0*z - 3*x = -4*z + 39. Calculate the highest common divisor of d and z.
1
Let g be (-45)/80*-4*(50 + -2). Let n(f) = -f + 12. Let w be n(0). What is the highest common divisor of g and w?
12
Suppose 9*y - 841 = -787. Let b be ((-2)/5)/(2/(-10)). Suppose 9 - 93 = -b*w. What is the highest common divisor of w and y?
6
Let b be (-652)/(-16) + 2/8. Let g = 138 + 67. What is the highest common divisor of g and b?
41
Let w be (154/3)/(0 + (-8)/(-12)). What is the greatest common factor of w and 22?
11
Let f be (-360)/(-72) - (1 - -1). What is the greatest common factor of 42 and f?
3
Let f(g) = g**2 + g + 168. Suppose -7*s = -4*s. Let b be f(s). Let k be ((-24